d - 98, 137 = 3*i - d. Suppose -2*k + i = 2*k. Is k composite?
False
Suppose 4*a - 18 - 2 = 0. Let q = 51 + -23. Suppose 3*h + 5*b = q, 4*h - 23 = -a*b + 16. Is h prime?
True
Let s = -15 - -24. Let b(a) = -a**3 + 9*a**2 + 9*a - 10. Is b(s) a composite number?
False
Let z(g) = -31*g + 2. Is z(-15) a prime number?
True
Suppose -g = -5*a, 1 = -3*g - 5*a + 21. Suppose 288 = 5*o - o - 5*q, g*q = -o + 47. Is o a composite number?
False
Suppose -4*m = 5*a - 101, -5*m + 0 = a - 16. Is a composite?
True
Suppose -2*v + v + 3 = 0. Is (-6 - -12)*1/v prime?
True
Let q = 0 + 16. Suppose -4*c - q = -6*c. Suppose 4*b - 16 - c = 0. Is b a composite number?
True
Suppose 3*z - 363 = 4*h, -3*h = -2*z + 3*z + 282. Let y = 220 + h. Is y prime?
True
Let o be 1 + (-5)/(10/376). Let a = -3 - o. Let w = a - 125. Is w a prime number?
True
Suppose -6*c - 27 = -3*c. Let a be c/(-4) + (-5)/20. Suppose 3*f - 4*z - 497 = 0, -185 + 515 = 2*f - a*z. Is f prime?
True
Let s = 10 - 16. Let z(u) = u**2 - u**3 - 7*u**2 - u**2 - 2 - 8*u. Is z(s) a prime number?
False
Let j = -19 - -39. Let f = j - -13. Is f a prime number?
False
Let x = -8 - -11. Is 21 - (-2 + (x - 2)) a composite number?
True
Let c = -11 + 11. Suppose c = 4*o - 2*w - 3154, 6*o - 816 = 5*o - 5*w. Is o a prime number?
False
Let d be ((-40)/(-2))/((-5)/(-185)). Suppose 5*n - 5*y - 690 = 0, 5*n + y = -4*y + d. Is n a prime number?
False
Let y = -7 + -10. Let n be (-3)/12 - y/4. Suppose -n*g - 2*u - 15 = -97, -u = -g + 25. Is g a composite number?
True
Suppose 4*v = v. Is -6 + 37 + (2 - v) a prime number?
False
Let q be (4 - (2 + 0)) + -4. Let f(i) = 20*i**2 + 4*i + 2. Is f(q) composite?
True
Let u be 0 + 0 + (3 - 1). Suppose 2*o = -2*k + 504 - 36, -8 = u*o. Suppose 2*s = -0*s + k. Is s composite?
True
Let u(f) = 2*f + 3. Let q be u(-3). Let s = q + 26. Is s a composite number?
False
Suppose -4 = -0*l - l. Let n = 1 + l. Suppose -n*u = -u - 28. Is u composite?
False
Let j(x) = 9*x + 46. Is j(9) composite?
False
Let l(b) = 3*b**3 - 3*b**2 + 3*b - 3. Let v be l(3). Let o = v - -17. Is o a prime number?
False
Let p be (-2)/(-5) - (-4)/(-10). Let i = 9 + -9. Suppose -4*m - 4 = p, 2*s - 2*m - 268 = -i*s. Is s a prime number?
False
Is 42/6*(95 + 2) prime?
False
Let y(n) = -233*n. Let b be y(-1). Suppose 0 = -5*r - 10, -3*w + r = -0*w - b. Is w composite?
True
Suppose 5 = c + 2. Suppose -c*b + 26 = -2*b. Is b a composite number?
True
Is 2/8 - 2625/(-28) a composite number?
True
Let d(a) = -10*a + 4. Let y(w) = -9*w + 3. Let s(f) = -4*d(f) + 5*y(f). Is s(-3) composite?
True
Suppose -5*p + 35 = -0*p. Let l(z) = 19*z + 5. Let c be l(p). Suppose 2*o = -i + 122, -i = -2*o - 6*i + c. Is o a prime number?
True
Let o = -8602 - -12651. Is o composite?
False
Is 249/(-2)*(-2)/3 composite?
False
Is (-1)/((-1)/2) + 495 composite?
True
Let u(m) = -20*m + 5. Let g be (-2 - (-4 + 1))*-7. Is u(g) composite?
True
Let d = 201 + -416. Let i = 522 + d. Is i composite?
False
Suppose 5*n = i - 5, -i + 0*n - n = -5. Suppose -c + 791 = 3*l, -5*c - 2187 = -i*l - 842. Suppose -3*d - l = -8*d. Is d a prime number?
True
Is (-74*(-3)/12)/(18/108) composite?
True
Is (0 - (-1766)/3)/((-2)/(-3)) composite?
False
Is 4*3/(-9) - (-2140)/12 a composite number?
True
Let d(l) = 13*l + 5. Let m(z) = -z**3 - 2*z + 1. Let o be m(-2). Suppose 3*a = 5 + o. Is d(a) composite?
False
Suppose -4*y + 204 = 5*m, -3*m = 4*y - 149 - 47. Is y a composite number?
True
Let o(k) be the third derivative of k**6/120 - k**5/12 + k**4/24 - 4*k**3/3 + 3*k**2. Is o(7) prime?
True
Let v(l) = 60*l**3 - 3*l**2 + 2*l - 3. Is v(2) a prime number?
False
Suppose -28 = -k + 5*b, 3*b = 3*k - 45 - 51. Suppose 2*u + 6*p = p - 14, 2*u - p - 10 = 0. Suppose 12 = -u*x + k. Is x prime?
True
Suppose 6*q + 3*t = 4*q, t = -q. Let a be (1*-2)/(4/(-10)). Suppose 2*x - a*f - 52 = q, 26 - 5 = x - 5*f. Is x a composite number?
False
Let b = -5 + 3. Suppose -8*g = -3*g - 200. Let j = g + b. Is j a prime number?
False
Suppose x + 5 = 2, 5*j + 2*x = 14. Let p = j - 7. Is 8*4 + 2 + p a prime number?
True
Let u be (-2)/(-4)*2*73. Suppose -k + 16 = -u. Is k a prime number?
True
Let n(t) = -31*t + 3. Is n(-2) prime?
False
Let l = 0 - -45. Suppose -l = -4*i - i. Is i a prime number?
False
Let n(m) = m**3 - 3*m**2 + 3*m - 1. Let w be n(2). Is w/((-9)/(-165))*3 a composite number?
True
Let t = 1943 - 950. Is t prime?
False
Let x(y) = -13*y**2 - 16*y + 35. Let k(c) = 7 - 8*c - 4 - 6*c**2 - 3 + 17. Let q(t) = -9*k(t) + 4*x(t). Is q(-9) composite?
True
Let x = 13 - 5. Suppose -x*o + 254 = -6*o. Is o prime?
True
Let p = -5 + 9. Let o(m) = 0 + p - 6*m - 1. Is o(-3) composite?
True
Let o = 958 - 619. Is o a prime number?
False
Let u(o) = 35*o**2 + 19*o - 15. Let f(l) = -17*l**2 - 9*l + 7. Let t(r) = -9*f(r) - 4*u(r). Is t(-4) a prime number?
False
Let l(d) = -14*d - 7. Let n be l(10). Is (-1)/(-2 + (-291)/n) a composite number?
True
Let l = 3 - 0. Suppose -5*s = c - 28, 5*s = c + l*s - 63. Is c a prime number?
True
Let n = -349 + 245. Let h = n + 183. Is h composite?
False
Is 0 + 892 - (10 + -7) a composite number?
True
Is -1 - -1 - -4 - -139 a prime number?
False
Suppose 2*f + 12 = -12. Is (-4)/(8/f + 0) a prime number?
False
Let s(t) = -3 - 1 + 2 - 5*t**2. Let n(o) = 2*o**2 + 1. Let c(z) = -13*n(z) - 6*s(z). Is c(-1) a composite number?
False
Let o be (-1 - (-4)/2) + 267. Suppose 2*n - o = -2*n. Is n composite?
False
Suppose 0 = 3*a - 15 - 3. Suppose -j - a = -25. Is j a composite number?
False
Suppose 6*h - 3800 = h. Suppose h - 186 = 2*b. Is b prime?
False
Suppose -2*j = 317 + 23. Let p = j + 288. Is p a composite number?
True
Suppose -2*i + 8 = 2*i. Suppose -5*r + 846 = 3*l + 173, -i*r + 5*l = -263. Is r prime?
False
Suppose 0*o = -2*o + 682. Is o prime?
False
Let f = -129 - -132. Suppose -5*m + 204 + 435 = 2*r, r - 318 = -4*m. Suppose 4*d + r = f*k, -2*k + 2*d = -2*d - 216. Is k prime?
False
Let u = 462 + -323. Is u composite?
False
Let i(y) be the third derivative of -y**5/40 + y**4/8 - y**3/3 + y**2. Let s(f) be the first derivative of i(f). Is s(-4) a composite number?
True
Suppose -2*k - 10 = -7*k. Is 69/k - (-5)/(-10) a prime number?
False
Let c(o) = o + 17. Let y be c(-9). Let l be (1955 - 1)*4/y. Is l/11 + (-4)/(-22) a composite number?
False
Let q(v) = 41*v**3 + v**2 - v + 1. Is q(2) a composite number?
False
Suppose -4*r + 847 = 2*n - 747, -3*r + 800 = n. Is n a composite number?
True
Let u(b) = -2*b - 5. Let d be u(-5). Let f be (-3)/(-3) + 68*d. Suppose 4*l = -25 + f. Is l a composite number?
False
Let l(k) = 12*k**2 - 1. Let c be l(1). Suppose 0 = t + 4*m + c, -5*t = -0*t - 3*m - 37. Suppose t*u - 75 = -20. Is u prime?
True
Is -4*((-1465)/12 - 12/(-36)) prime?
True
Suppose 5*g - 5288 = -1943. Is g composite?
True
Let t(w) = -37*w. Let a = 18 - 36. Let b be 4/14 + a/14. Is t(b) composite?
False
Suppose 7 = 5*v - 13. Let s = v - 2. Suppose -4*o + 3*l = 6*l - 43, -3*o + 11 = -s*l. Is o a composite number?
False
Let x be (-761 - -1)*(1 + -2). Suppose 5*k = 5*o - x, 5*o - 825 + 95 = -5*k. Is o prime?
True
Suppose -6215 = -18*l + 7*l. Is l prime?
False
Suppose -2*b + 129 + 37 = 0. Is b a composite number?
False
Let c = -81 - -196. Is c prime?
False
Let t = -301 - -792. Is t a prime number?
True
Suppose 6*w - 598 = 4*w. Is w a composite number?
True
Let c be 2/5 - 47/5. Let m(j) = -j**2 - 11*j - 8. Is m(c) prime?
False
Let k = -903 + 459. Is (4/(-3))/(8/k) a prime number?
False
Suppose 35 = 3*u + 5*o, -4*o + 1 = -7*u + 4*u. Suppose -u*f = -0*f + 20. Is (f*1 - -2) + 37 a composite number?
True
Let p be (-2)/(-8) + (-54)/(-8). Suppose 0 = p*j - 2*j - 2260. Suppose j = -2*n + 6*n. Is n prime?
True
Let t(v) = -v**2 - 5*v + 8. Let s be t(-6). Suppose -2*b = o - 103, 2*b = -s*b - 3*o + 203. Is b prime?
True
Suppose 0*p = -4*p + 436. Is p a composite number?
False
Suppose 0*i + 2*o - 16 = -3*i, -2*i = o - 10. Suppose 4*g + 1 = -k - 2, g + i*k = 3. Is (9/(-5))/(g/5) a prime number?
False
Let b = 31 + -18. Is b composite?
False
Suppose 2*o = -3*o + 75. Suppose -o = 4*n + g, 2*n - g + 3*g = -12. Let v(k) = -6*k**3 + k - 4. Is v(n) a composite number?
True
Suppose 7*z + 299 = 8*z. Is z a prime number?
False
Let b = 9 + -5. Let l = -7 + b. Is 17 - 3*2/l a prime number?
True
Let s(c) = c**2 + 15*c - 17. Let p be s(-16). Is